List the prime factors of n.
3, 23
Let b(z) = 227*z + 106*z + 41 + 368*z + 110 - 128*z. List the prime factors of b(3).
2, 5, 11, 17
Suppose 222 = -3*z + 219. What are the prime factors of 102 - (6 - (-8)/z)?
2, 13
Suppose 20*u = 2*u + 486. Let o = u + 641. What are the prime factors of o?
2, 167
Suppose -2*n + 14 = -0. Suppose n*k - k = 2316. Suppose k = 5*y + 81. What are the prime factors of y?
61
Suppose 3*b - 121256 = 2*d, 404*b = 402*b + 3*d + 80844. What are the prime factors of b?
2, 3, 421
Let h(i) = -6*i**3 - 49*i**2 - 30*i - 574. List the prime factors of h(-15).
19, 479
Suppose 60*r + 234 = 47*r. What are the prime factors of (-1)/((-9)/r) + 44?
2, 3, 7
Let j = -247 + 238. Let d(c) = -26*c + 141. List the prime factors of d(j).
3, 5
Suppose -5*w = -525 - 240. Let z = w - 80. What are the prime factors of z?
73
Let o(q) = 4*q + 7*q**2 - 37*q + 1 + 16*q. List the prime factors of o(5).
7, 13
Let a = 1077 + -575. Suppose 3*d - 3660 = -3*d. Suppose a = 8*s - d. List the prime factors of s.
139
Suppose 160*h - 32997 - 126843 = 0. List the prime factors of h.
3, 37
Let c = -3867 + 43530. What are the prime factors of c?
3, 13, 113
Let v = -50 - -63. Suppose j - v = 4*a, j - 4*a = 6*j - 17. Let y(u) = 2*u**3 - 7*u**2 + 5*u - 10. List the prime factors of y(j).
2, 3, 5
Suppose 0 = 2*a + m - 5844 - 12842, -4*a = -5*m - 37372. List the prime factors of a.
9343
Let h be (-1 - (-8)/4)*(-10 + 1). Let l = 18 + h. Suppose -l*o - 700 = -14*o. List the prime factors of o.
2, 5, 7
Let o = 669 + 792. List the prime factors of o.
3, 487
Suppose -5*d = 4*r + r - 35, -r - 1 = -d. Suppose -r*x + 8 = -7. Suppose 195 = x*i + 45. List the prime factors of i.
2, 3, 5
Let f = 2162 + -1437. Suppose 4*m - f = -5*u, 133 + 447 = 4*u + 4*m. What are the prime factors of u?
5, 29
Suppose 6327 = 60*l - 57*l. List the prime factors of l.
3, 19, 37
Let a(i) be the second derivative of 827*i**5/20 - 5*i**4/12 + i**3/3 - 8*i - 2. What are the prime factors of a(1)?
2, 103
Suppose 4*x - 34 = 3*z + 2*z, -3*z - 30 = -4*x. Let g be x/(-14) - (-2035)/77. List the prime factors of g/91 - 859/(-7).
3, 41
Let k(a) = -17*a + 86. Let h be k(5). What are the prime factors of 3/h*9/(-27) + 815?
2, 11, 37
Suppose 5*z = 16*z - 44. Suppose 0 = -3*w + 3*p + 1533, 3*w + 2*w - 2582 = -z*p. Suppose 5*t = 3*a - 607, -4*a + 282 = -4*t - w. List the prime factors of a.
2, 97
Suppose 0 = -5*a + 194 + 21. Let b = a - 12. Suppose d = 3*z + 79, 2*d = -z - b + 196. What are the prime factors of d?
2, 41
Let s(w) = 7*w**2. Let v(b) = 6*b**2 - 1. Let p(k) = -5*s(k) + 6*v(k). Let y be p(-13). Let l = y - 115. List the prime factors of l.
2, 3
Let r = -9557 + 18906. List the prime factors of r.
9349
Suppose -r - 647 = 4*h - 2102, 2*r = 3*h - 1083. Suppose -655 = -2*t + h. What are the prime factors of t?
509
Suppose -5*t - 387 = -4*h, 0 = 5*h + 4*t - 5*t - 489. Let g = h + 2. List the prime factors of g.
2, 5
Suppose 0 = -30*l + 47 + 13. Suppose -5656 = -5*p + 3*r, l*r + 1134 = 4*p - 3*p. What are the prime factors of p?
2, 5, 113
Let x = 12999 + 60830. What are the prime factors of x?
7, 53, 199
Suppose a + 533*w = 528*w + 36490, -5*a - 3*w = -182538. List the prime factors of a.
2, 3, 5, 1217
Suppose -188*t = 27*t - 6940200. List the prime factors of t.
2, 3, 5, 269
Suppose -2*y = -13*y. Suppose 2*l + 4*m = 142 + 318, -5*l + 3*m + 1098 = y. What are the prime factors of l?
2, 3, 37
Suppose -1337*n + 9619904 = -943*n. List the prime factors of n.
2, 7, 109
Let n be ((0 + 0)*(-3)/3)/(-2). Let r be n + 31 + -1 + (-27 - -30). List the prime factors of (r/((-6)/(-2)))/(2/22).
11
Suppose 44*x - 41*x - 81386 = -r, -x = 4*r - 27114. What are the prime factors of x?
2, 5, 2713
Let g(k) = 73*k**3 + 34*k**2 + 3*k + 3. List the prime factors of g(5).
3, 3331
Let f be 1*(-280 - (-5)/(-5))*-2. Let u = 959 - f. What are the prime factors of u?
397
What are the prime factors of (-9)/(2 - (-207650)/(-103780))?
2, 5189
Suppose o = 2*w + 2410, 5*w = 5*o + 7*w - 12038. Suppose -o = -2*q - h, -3*q - 4804 = -7*q + h. List the prime factors of q.
2, 601
Let w = -5874 + 28497. List the prime factors of w.
3, 7541
Let b(s) = s**2 + 2*s**2 + 0 + 3*s - 2 - 10*s. Let g be b(3). Suppose 2*k = 3*q - 155, -g*q + 3*k + 169 + 36 = 0. What are the prime factors of q?
5, 11
Suppose -2*o = 2*o - 4*t - 44, 0 = -2*o - 5*t + 1. Let a(v) = 20*v**2 - 26*v - 6. What are the prime factors of a(o)?
2, 13, 41
Let m(j) = j + 5. Let u be m(-5). Let y be (22/(-143) + (-899)/(-13))*(-14)/(-42). Suppose 3*z - 16 - y = u. What are the prime factors of z?
13
Let b = -23 + 59. Suppose 4*x - b = 8. What are the prime factors of x?
11
Let o be ((-2)/(-4))/(-3*(-3)/(-288)). Let a(p) = -3*p - 46. Let k be a(o). Suppose -39 = -5*q + k*q. List the prime factors of q.
13
Let h = 5616 - -14173. What are the prime factors of h?
7, 11, 257
Let o(a) = -a**3 + 22*a**2 + 42*a - 38. List the prime factors of o(22).
2, 443
Let h(y) = 62*y**2 - 367*y + 18. What are the prime factors of h(-25)?
3, 7, 761
Let i = 74499 + -25340. What are the prime factors of i?
11, 41, 109
Let i(k) = -2*k**3 - 21*k**2 - 30. Suppose 0 = -4*n - x + 3*x - 44, -16 = 2*n - 4*x. List the prime factors of i(n).
2, 3, 67
Let f = 541 + -843. List the prime factors of f/(-10)*5/3*3.
151
Let n = -526 + 530. Suppose 3*w = m - n*m + 624, m - 223 = 2*w. What are the prime factors of m?
3, 71
Let k = 241 + -247. List the prime factors of 84/(-63) + (-908)/k.
2, 3, 5
Let p be (-1)/(8/(-32))*(-15)/(-4). List the prime factors of (p/2)/((-12)/(-152)).
5, 19
Let l(j) = 18*j**3 - 2*j**2 + 25*j - 150. What are the prime factors of l(5)?
3, 5, 29
Let a = 1027 - -6981. List the prime factors of a.
2, 7, 11, 13
Suppose 5*m = -3*d + 162, -5*d - 5*m - 54 = -6*d. Let k be (12/18)/(112/d + -2). What are the prime factors of (k/4)/((-9)/(-240))?
2, 3, 5
Let a be 7/(-3) + 18/54. Let u be (-3 - -272) + (2 - a). Suppose -u - 583 = -8*k. List the prime factors of k.
107
Let f be 2/9 - 80/(-45). Suppose -4*r + r + 5*k = -275, 5*r - f*k - 452 = 0. Suppose -6*w = -3*w - r. List the prime factors of w.
2, 3, 5
List the prime factors of (-19 + 7)/(9/(-3756)).
2, 313
Suppose -r + 4*r = -12, -4*x + 136 = r. Suppose 10*f = 3*f + x. Suppose f*m = -s + 21 - 2, 72 = 5*s + 2*m. What are the prime factors of s?
2, 7
Let m = 2287 - 768. Let q = m + -836. What are the prime factors of q?
683
Let w be -509*(-5 + 2 - 3). Suppose 28*v + w = 34*v. List the prime factors of v.
509
Let r = -95 - -100. Let p be -774*((-3)/18 - r/(-6)). Let i = -305 - p. List the prime factors of i.
211
Let d(z) = z**3 - 9*z**2 - 63*z - 42. Let m be d(18). Suppose -4*g + 113*a + 6936 = 111*a, -2*a - m = -g. What are the prime factors of g?
2, 433
What are the prime factors of (201/63*-3)/(4/(-3052))?
67, 109
Let c(s) be the second derivative of -2/3*s**3 - 28*s + 11/2*s**2 + 0. What are the prime factors of c(-15)?
71
Let g(k) = 2*k - 12. Let m(z) = -z**2 + 6*z - 37. Let b(u) = 8*g(u) - 3*m(u). What are the prime factors of b(-8)?
223
Let h(d) = -d**3 - 29*d**2 + 30*d - 57. Let r be h(-31). Suppose -5*x = -4*f - r, -4*f - 752 = -7*x + 3*x. What are the prime factors of x?
3, 61
Suppose 2*h = 2*j - 34036, j - 298*h + 295*h - 17024 = 0. List the prime factors of j.
5, 41, 83
Suppose 205*h - 131973 = 73*h + 1302867. What are the prime factors of h?
2, 5, 1087
Let u be ((-326)/(0 + -2))/(21 - 20). Suppose -161*i - 4 = -u*i. Suppose -i*y - 3*a = -585, -4*a = -2*y - 245 + 795. What are the prime factors of y?
3, 5, 19
Let l be (-32)/24*3*-1. Let r be (5 - (l - 3)) + 385. Suppose -5*d = -r + 49. List the prime factors of d.
2, 17
List the prime factors of ((-33696)/(-1092))/(3/4060).
2, 3, 5, 29
Let n be (-3*(-2)/9)/((-17)/(-204)). Suppose -n*r - 288 + 1288 = 0. List the prime factors of r.
5
Let s = 73134 + -29424. Suppose -15*c - 32*c = -s. What are the prime factors of c?
2, 3, 5, 31
Let s be 2/7 + (-22896)/168. Let g = s + 374. What are the prime factors of g?
2, 7, 17
Let m be 1137*5/(-20) + (-3)/4. Let q = 678 + m. What are the prime factors of q?
3, 131
Let y(v) = 30638*v - 2168. List the prime factors of y(2).
2, 7, 2111
Let t(f) = -5*f + 60. Let l(s) = -4*s + 51. Let y(d) = 3*l(d) - 2*t(d). Let a = 15 - 32. List the prime factors of y(a).
67
Let y =